Let i be l(-47). Let f be (-1)/(-3) + (-922)/(-6). Calculate the greatest common factor of f and i.
14
Suppose -20*n - 657 = -21*n + 3*d, n - 692 = -4*d. What is the highest common divisor of 96 and n?
96
Suppose x - 4*v - 93 = 0, 2*x - 170 = v + 3*v. Let c be 54066/198 - 4/66. Let w = 284 - c. Calculate the highest common factor of w and x.
11
Let w(n) = n**2 + 34*n + 67. Let p be w(-2). Suppose 228 = c + p*v, -717 = -3*c + 2*v - 77. What is the greatest common factor of c and 48?
24
Suppose 0 = 9*k - 7351 + 4030. Calculate the highest common factor of k and 252.
9
Let h(s) be the first derivative of -17*s**2/2 + 50*s - 33. Let u be h(-9). What is the greatest common divisor of 29 and u?
29
Suppose 5*j = a - 641, 0 = j - 0*j - 3. Suppose r + 1535 = 5*n, -4*r - 20 + a = 2*n. What is the highest common factor of n and 28?
28
Let y be 118/(-3)*(-168)/112. What is the greatest common factor of y and 3?
1
Let z = -153 + -33. Let c = -178 - z. What is the highest common divisor of 108 and c?
4
Suppose 243*i = 963845 + 4996. Calculate the highest common divisor of 9 and i.
9
Let i be 2/4 + 1638/28 + -4. Let g = i - -7. What is the highest common factor of 31 and g?
31
Let l be (-169)/(-16)*4 - (-1)/(-3 - 1). Calculate the greatest common factor of l and 966.
42
Let h(n) = -80*n + 4652. Let d be h(-4). Calculate the greatest common factor of d and 176.
44
Let n(g) = 13*g + 1583. Let f be n(43). What is the highest common factor of f and 170?
34
Suppose -g + 5*g + 4*j + 340 = 0, -336 = 4*g + 2*j. Let m = 85 + g. Calculate the greatest common divisor of m and 16.
2
Let r(a) = -2*a**2 - 38*a - 44. Let s be r(-18). Let v(o) = -25*o + 70. Let k be v(s). Calculate the greatest common divisor of k and 30.
30
Let k = 97 + -137. Let u = k + 60. What is the greatest common factor of 15 and u?
5
Let i = 35 - 23. Let m(u) = 2*u**2 - 2. Let q(g) = g**2 + 13*g + 4. Let h(k) = 3*m(k) - q(k). Let a be h(-1). What is the greatest common divisor of i and a?
4
Let m(l) = 11*l**3 - 9*l**2 + 32*l - 106. Let c be m(5). What is the greatest common factor of c and 1978?
86
Let v = 11455 + -11426. What is the highest common divisor of v and 261?
29
Suppose 3*m - 18 = 0, 672 = j + 4*m - 574. What is the highest common factor of 234 and j?
26
Let v = -624 - -427. Let t = -177 - v. What is the highest common divisor of t and 320?
20
Let i(u) = u**2 - 17. Let m be i(7). Suppose 2*g = 4*f - 86, -25 = 2*f + 3*g - 88. Calculate the highest common divisor of m and f.
8
Suppose 3*i = 4*t + 2*i - 28, 3*t - 34 = 4*i. Suppose 12*h = 292 + 1004. Let m be (-12)/16 + h/16. Calculate the greatest common divisor of m and t.
6
Let m = -4515 - -4533. What is the highest common factor of 72 and m?
18
Let l = -289 - -413. Suppose 10*n + l = 4. Let j(z) = z + 45. Let r be j(n). Calculate the greatest common factor of r and 11.
11
Let q(r) = -2*r**3 - 6*r + 44. Let k be q(0). What is the highest common divisor of 3102 and k?
22
Suppose -87390 = -13*g - 2*g + 24480. Calculate the greatest common factor of 198 and g.
66
Suppose 23*y = -5*y - 4536. Let m = y + 237. Calculate the greatest common factor of 200 and m.
25
Let n = 3541 - 2946. What is the highest common factor of n and 14?
7
Suppose 0 = c - v - 2520, 11*c - 6*c = -v + 12642. Calculate the greatest common divisor of 14 and c.
7
Let w be 2/20 + 147/30. Calculate the greatest common factor of w and 3295.
5
Suppose 6255 = -171*r + 180*r. What is the highest common divisor of 417 and r?
139
Suppose 3*y + 3*u - 27 = 0, 4*y + 9 = 3*u + 52. Suppose 0 = -3*p - 9, -5*p + y + 5 = 5*r. What is the greatest common factor of 30 and r?
6
Let o be (10/6 - -1)*12. Let d be 40/100*(-590)/(2 + -1). Let m = -204 - d. Calculate the highest common factor of m and o.
32
Let i(s) = -9*s + 449. Let y be i(-18). Calculate the highest common factor of 47 and y.
47
Suppose 0 = 83*z - 1195 - 7171 - 3586. Calculate the highest common divisor of 414 and z.
18
Suppose 2*c = 7 + 11. Let w = 19181 - 19157. What is the greatest common divisor of c and w?
3
Suppose 3*g + 2*z = z + 34, -2*g + 2*z = -20. Let j = 1041 - 1052. Let b be 10/((-100)/(-30))*j/(-3). What is the highest common divisor of g and b?
11
Let a(j) = -21*j - 78 + j**2 + 48 + 108. Let k be a(4). Calculate the greatest common factor of 110 and k.
10
Let q be 47 + -18 + 0 - -6. What is the greatest common divisor of 42 and q?
7
Let u = -9804 - -9987. What is the highest common divisor of 28914 and u?
183
Suppose 10*h + 880 = 20*h. Let d be 956/12 - 2/(-6). Let r = h - d. What is the greatest common factor of 8 and r?
8
Let c = -10985 + 11012. What is the highest common factor of c and 21?
3
Let k = -46 + 48. Let v(h) = h**3 + 23 - k*h**3 - 20*h + 13*h**2 - 30. Let c be v(11). What is the greatest common factor of c and 120?
15
Suppose -270*g = -276*g + 390. Let r be 2/10 - (1 - 2279/5). What is the highest common divisor of g and r?
65
Suppose -7*i - 236 = -2*c - 11*i, c - 3*i = 108. Let f = 50 + -32. Suppose -2*x = f - 30. Calculate the greatest common factor of c and x.
6
Suppose -775 = -x - 121*a + 120*a, -4*a - 3830 = -5*x. What is the greatest common factor of x and 42?
14
Suppose -2*v + a + 577 = 0, 4*a - 248 = -v + 63. Suppose -v = -2*u + 3*f, f + 78 = u - 70. What is the greatest common factor of u and 34?
17
Suppose 72 - 16 = 2*a + 4*h, -3*a + 4*h = -44. Calculate the highest common factor of 922 and a.
2
Suppose 819857 = -84*o + 209*o + 374*o. Calculate the highest common divisor of 93 and o.
31
Let d = 900 - 354. Suppose -4*y = 8, -5*u = 138*y - 134*y - 27. Calculate the highest common factor of d and u.
7
Suppose 0 = -13*c + 54 - 15. Suppose -y = -c*i - 4*y + 267, 3*y = 2*i - 198. Calculate the greatest common factor of i and 3.
3
Suppose 0 = -8*a - 20 - 28. Let m = 15 + a. Calculate the highest common divisor of 99 and m.
9
Let u = 60 - -63. Let s = -98 + 70. Let n(i) = i**2 + 27*i + 13. Let m be n(s). What is the greatest common divisor of m and u?
41
Let w be 6/(-84)*20 - 4371/(-7). What is the greatest common divisor of 1157 and w?
89
Suppose -16*y + 20*y - l - 5366 = 0, -5*y = 4*l - 6718. Calculate the highest common divisor of 244 and y.
122
Suppose 46 - 8 = 5*f - 12. Calculate the greatest common factor of 90 and f.
10
Let w = 6008 - 2108. Calculate the greatest common divisor of 15 and w.
15
Suppose 3*d - 5*k = 8*d - 8550, k - 6840 = -4*d. Let x = d + -1215. Calculate the highest common factor of x and 198.
99
Let t(j) = j + 27. Let v be t(-8). Suppose v*n = 15*n + 8. Suppose -3*b + 7 = n*k, -5*b = -0*b - 5. Calculate the greatest common factor of k and 2.
2
Let r = -17832 - -18030. Let d = -33 - -77. Calculate the highest common divisor of r and d.
22
Let g be -1 - -7 - (-395 - (3 + -3)). Let m = g - 217. Calculate the greatest common divisor of 8 and m.
8
Suppose -647 = -4*p - 5*k, 2*k - 652 = -4*p - 2*k. What is the greatest common factor of p and 696?
24
Let l = 815 + -475. Let q(t) = -t**2 - 9*t + 26. Let i be q(-8). What is the greatest common divisor of i and l?
34
Let w(y) = 1. Suppose 4 + 4 = -2*b. Let z(g) = -2*g + 1. Let x(k) = b*w(k) + z(k). Let h be x(-4). Calculate the greatest common divisor of 65 and h.
5
Let p(l) be the second derivative of l**4/12 + l**3/2 + 13*l**2/2 + 88*l. Let v be p(-4). What is the greatest common divisor of v and 68?
17
Let u be -3*3/27*-63. Suppose 0 = 4*j + 2*j - 282. Suppose -7*z + j = -2*z + 3*m, -2*z - 3*m = -26. Calculate the highest common factor of u and z.
7
Let z(p) = 9*p + 2. Let h be z(6). Let m be 64*(1 + 3 + -3). Let c be 96/m*28/3. What is the highest common factor of h and c?
14
Suppose 0 = z - 0 - 4, -d - 2*z = -227. Let r = -203 + d. Calculate the highest common factor of r and 12.
4
Let b = -18628 - -18780. Calculate the greatest common factor of b and 134.
2
Let h be ((-667)/46)/(((-14)/(-13132))/(-2 + 0)). What is the highest common divisor of 29 and h?
29
Suppose -467*f = -349*f - 734786. What is the highest common factor of 13 and f?
13
Let j be 1 + -13 + (-495768)/(-840) - 3/15. What is the highest common factor of j and 119?
17
Suppose -16*k + 80*k - 2304 = -64*k. Let y be -11 + 4*2/4. Let v(f) = f**3 + 9*f**2 - 10*f. Let w be v(y). Calculate the greatest common divisor of w and k.
18
Let a be (-3)/(2 + -8)*78. Suppose -